rs of r.
2
Let m = -140 - -179. List the prime factors of m.
3, 13
Let b(t) = -203*t + 13. Let a(d) = -102*d + 7. Let v(z) = 5*a(z) - 3*b(z). What are the prime factors of v(1)?
5, 19
What are the prime factors of (-3699)/(-36) + (-6)/8?
2, 3, 17
Let j = 1387 - 749. List the prime factors of j.
2, 11, 29
What are the prime factors of (-2)/(((-119)/(-2184))/(-17))?
2, 3, 13
Let c(j) = -5*j**3 - j**2. Let f be c(-1). Suppose -2*y - f*i = -2*i - 14, -3*i = 2*y - 17. List the prime factors of 1464/66 - y/22.
2, 11
Suppose 2*a - 92 = 5*n, 0*a + 64 = 2*a + 2*n. List the prime factors of a.
2, 3
Let l = -1265 - -1411. List the prime factors of l.
2, 73
Suppose 5*k = 7*u - 6*u + 282, -3*k + 172 = -2*u. Let w = -4 - -27. Let b = k - w. List the prime factors of b.
3, 11
Let l be 256/(-8)*2/(-4). Suppose 13*w - l*w = -213. What are the prime factors of w?
71
Suppose -2*g + 0*g = -2*f - 138, 5*f = 15. Suppose -5*k = -8*k + g. Suppose -i = 3*i - k. What are the prime factors of i?
2, 3
Let w = 320 + -256. List the prime factors of w.
2
Suppose -5*o - 197842 = -67*o. List the prime factors of o.
3191
Let m be 0 - (-1*4 - -2). Suppose -11 = -2*r + 5*n, -3*r + m*n = -0*n. List the prime factors of 3/r*(-372)/18.
31
Let y be 205/10 - (3 - 21/6). What are the prime factors of (-9420)/(-84) - 3/y?
2, 7
Let p = 23 - 3. Suppose -3*f = 4*v - p, -4*v + 2*f = v - 2. Let y = 49 + v. What are the prime factors of y?
3, 17
Let h(q) = 19*q**2 + 4*q - 1. Let k be h(-3). Suppose -a = -0*a - k. List the prime factors of a.
2, 79
Suppose -2*s + 6 = 0, -5*d - 32 = 2*s - 13. Let o(x) = -23*x - 12. Let z be o(d). Let m = 159 - z. What are the prime factors of m?
2, 7
Let p = 77 + -59. Let y = 53 + p. List the prime factors of y.
71
Let q be -3 + 0 + (-15)/(-5). Suppose -2 = -x - 2*n, -5*x + 4*n + q*n = -24. Suppose 0 = -2*l - 4*t + 21 + 41, -3*l - x*t + 83 = 0. List the prime factors of l.
3, 7
Let v(o) = o**3 + 4*o**2 - 4*o - 5. Let m be v(-4). Suppose 18 = 12*g - m*g. What are the prime factors of 63/g*6/1?
3, 7
Let h = 1203 + -457. What are the prime factors of h?
2, 373
Let b = 1086 - 509. What are the prime factors of b?
577
Let a(w) = w**3 - 6*w**2 + 25. What are the prime factors of a(9)?
2, 67
Suppose 3*f = -3*r + 161 + 106, -3*f = -3*r - 237. Let o = 4 - -125. Let a = o - f. What are the prime factors of a?
3, 5
Suppose 1 = -2*y - 11. Let l be 12/(-2*3/y). Suppose l*q - 12 = 8*q. What are the prime factors of q?
3
Let s(k) = k**2 + 3*k. Let q be s(8). Suppose 3*d - q = 38. Let f = 63 - d. What are the prime factors of f?
3, 7
Suppose 7*d = -2*b + 2*d + 4, -4 = -2*b - 3*d. Suppose 20 = -b*a + 146. What are the prime factors of a?
3, 7
Let r = 265 - 183. Suppose 96 = -2*b + 26. Let w = r + b. What are the prime factors of w?
47
Suppose 1388 - 7532 = -4*n - 2*h, 4*n = 4*h + 6120. List the prime factors of n.
2, 13, 59
Let i = -388 + 618. Suppose 2*z = y + 171 - 25, -4*y + i = 3*z. What are the prime factors of z?
2, 37
Suppose 0 = -y + 23 + 10. What are the prime factors of (-3 - y/(-1)) + 0?
2, 3, 5
Let g be (-18)/(6/8*-2). Let w = g - 8. Suppose -s - 3*q = -19, w*q = -0*s + 2*s - 38. What are the prime factors of s?
19
Let i be 5/(-3)*3/(-1). Let x = 124 + -119. Let v = x + i. What are the prime factors of v?
2, 5
Suppose 5*q - 3*w - 18 = 0, -3*q + 3*w = -4*q. Suppose -7*o = -q*o + 88. Let g = 33 + o. List the prime factors of g.
11
Suppose -3*h = 3*h. Let k be 0/2 + 0 + h. Suppose k*r - z + 42 = r, -5*z = 0. What are the prime factors of r?
2, 3, 7
Let v = 256 + 271. What are the prime factors of v?
17, 31
Let b(v) = 82*v**3 - v**2 + 4*v + 4. What are the prime factors of b(2)?
2, 83
Suppose 6*c - 1022 = 28. What are the prime factors of c?
5, 7
Suppose -30*j = -6711 - 8169. List the prime factors of j.
2, 31
Suppose 0 = 2*m + 5*z - 278, -741 = -5*m - 3*z + 2*z. List the prime factors of m.
149
Let b be 3/(-1)*(-38)/3. Suppose -108 = -3*j - 3*f, 181 - b = 4*j + 3*f. List the prime factors of j.
5, 7
Let b be ((-4)/(-3))/(10/165). Suppose 0 = 3*r - b - 53. Let s = r - -1. What are the prime factors of s?
2, 13
List the prime factors of 0 + 1072 + (-5)/((-45)/(-18)).
2, 5, 107
Suppose -9*a + 1618 = -8*a. What are the prime factors of a?
2, 809
Let z be 2*-1*(-10)/(-4). Let p(a) = 3 + 0 - 4 - 4 - 3*a. What are the prime factors of p(z)?
2, 5
Suppose 2*y + 2*v - 40 = -0*v, 0 = -2*y + 5*v + 40. Suppose -l + 2*l = -5*r + y, -r = l - 4. Suppose -c + 3 + 11 = l. List the prime factors of c.
2, 7
Suppose 4*m = 2*b + 24, -2*m = 2*b - 12 - 12. Let o = -8 - -2. Let h = o + m. List the prime factors of h.
2
Let l = -2471 + 4196. List the prime factors of l.
3, 5, 23
Let r(y) = 39*y**2 + 3*y + 2. Let b be r(-2). Let j = 282 - b. Suppose -108 = -4*k + 5*a, -5*k - 2*a + 7*a = -j. What are the prime factors of k?
2, 11
Let f(h) be the third derivative of 0 + 0*h + 6*h**2 + 8/3*h**3 + 1/24*h**4. What are the prime factors of f(0)?
2
List the prime factors of 12/(-28) - (-7 + 5218/(-7)).
2, 47
Let z(o) = -o**2 + 3. Let f be z(0). Let w(n) = n**f + 3*n + 4 + 6*n**2 + 1 - 3 - n. List the prime factors of w(-4).
2, 13
Suppose -5 = 4*d - 17. Suppose v = -v + 2*w + 2, 5*w = -2*v - 5. Suppose v*h - d = -h. What are the prime factors of h?
3
Let j(x) = 2*x**2 - 70*x - 28. What are the prime factors of j(-22)?
2, 5, 31
Suppose 25 = 2*h + 3*h. Suppose 0 = -4*r - 2*g + 18, 5*r + 0*g = h*g + 15. Suppose 0 = -2*f + r*f - 60. What are the prime factors of f?
2, 3, 5
What are the prime factors of (-2 - (-460)/(-6))/((-1)/3)?
2, 59
Let k(g) = 0*g**2 - 6*g**2 + 8*g**2 - 4*g**2 - 16 + g**2 + 20*g. Let o be (-2)/(-2) + 1 + 13. List the prime factors of k(o).
59
Suppose -2670 = -169*d + 166*d. List the prime factors of d.
2, 5, 89
Let d(a) = -40*a**2 - 5*a. Let x(u) = 39*u**2 + 4*u. Let k(g) = 5*d(g) + 6*x(g). List the prime factors of k(-2).
2, 3, 23
Let z(m) = -5*m. Let f be z(-1). Suppose 0 = -f*h + h - 32. Let r = h + 13. List the prime factors of r.
5
Let j(d) = -d**3 - 16*d**2 + 16*d. Let z be j(-17). Let w = 83 - z. What are the prime factors of w?
2, 3, 11
Suppose 4745 = 4*d + 517. What are the prime factors of d?
7, 151
Suppose c - 4*c = -135. Let x be c/6*(-12)/(-15). Suppose p = x*p - 140. List the prime factors of p.
2, 7
Suppose 12 = 32*l - 29*l. Suppose l*v = -0*v + 268. What are the prime factors of v?
67
Let f(q) = -28*q + 81. List the prime factors of f(-51).
3, 503
Suppose -3*b - 2*y + 736 = 2*y, -2*b + 3*y = -485. Suppose 2*a = -2*a + b. What are the prime factors of a?
61
Suppose 0 = -4*z - p + 21, 29 = 4*z + z + 4*p. List the prime factors of 676/6 - (z/3 - 2).
113
Let p be 4/(-3)*(-18)/12. Suppose -p*w = 17 - 333. List the prime factors of w.
2, 79
Suppose 4676 = 2*d - 2*m, -5*d + 3*m = -3654 - 8040. List the prime factors of d.
2, 3, 5, 13
Let n = 13473 - 8663. List the prime factors of n.
2, 5, 13, 37
Let s(b) be the first derivative of b**4/12 - 5*b**3/6 - 2*b**2 - 5*b + 2. Let x(q) be the first derivative of s(q). List the prime factors of x(-3).
2, 5
Suppose 0 = 9*a + 504 - 612. Let t(m) be the third derivative of m**4/8 + 25*m**3/6 + m**2. List the prime factors of t(a).
61
Let m = -127 - -208. List the prime factors of m.
3
Let i(t) = -6*t - 43. Let b be i(-8). Let v = -90 + 194. Suppose b*o - 15 = 0, 0*o = -2*h + 4*o + v. List the prime factors of h.
2, 29
Suppose 52*t = 47*t + 30. Suppose i - 200 = 4*g, t*i + 4*g = 5*i + 168. What are the prime factors of i?
2, 23
Suppose -12*c + 34 = -2. Suppose 2*l + c*j - 305 = 0, -5*l + 5*j + 599 = -l. List the prime factors of l.
151
Let k(s) = -4*s**2 + 4*s - 2. Let t be k(2). Let m = t + 1. List the prime factors of ((-5)/3)/(3/m).
5
Suppose -f + 0*z - 5 = -5*z, 2*z = -f + 2. Let u be 2 + -2 - f - 10. Let x(c) = -c**3 - 11*c**2 - 12*c + 3. What are the prime factors of x(u)?
23
Let t be 1/(2 - 15/6). Let k be (t + 2)/(-1 - -2). Suppose k = -w + 3. What are the prime factors of w?
3
What are the prime factors of -2 - ((-3050)/4 - (-36)/72)?
2, 5, 19
Let r = 3766 - 1637. What are the prime factors of r?
2129
Suppose 3*n - 7*n = 3088. Let h = n + 550. List the prime factors of 14/98 + h/(-14).
2
Let x(r) = -r**3 - 5. Let g be x(0). Let v = g - -9. Suppose 3*h - v*j = 18 + 26, -4*j = 4*h - 40. What are the prime factors of h?
2, 3
Le